17, 179999
List the prime factors of 427428802.
2, 1667, 128203
What are the prime factors of 1819194727?
7, 197, 188459
What are the prime factors of 35813264?
2, 191, 11719
What are the prime factors of 121492211?
121492211
List the prime factors of 319130428.
2, 23, 599, 5791
List the prime factors of 59322619.
107, 554417
What are the prime factors of 112127260?
2, 5, 7, 800909
What are the prime factors of 57849392?
2, 3615587
What are the prime factors of 408153958?
2, 204076979
List the prime factors of 2099879657.
41, 51216577
List the prime factors of 1411952675.
5, 7, 8068301
What are the prime factors of 17928639?
3, 229, 8699
List the prime factors of 963497069.
963497069
List the prime factors of 932543450.
2, 5, 47, 97, 4091
List the prime factors of 525934904.
2, 11, 1601, 3733
List the prime factors of 347673402.
2, 3, 29, 666041
List the prime factors of 112700652.
2, 3, 599, 15679
What are the prime factors of 214929154?
2, 11, 199, 4463
What are the prime factors of 4556714318?
2, 13, 293, 598151
What are the prime factors of 22922936?
2, 17, 41, 4111
What are the prime factors of 2054058087?
3, 684686029
List the prime factors of 628533319.
19, 37, 894073
What are the prime factors of 130331876?
2, 53, 614773
List the prime factors of 5040525977.
67, 157, 179, 2677
List the prime factors of 476775968.
2, 19, 784171
List the prime factors of 5428182142.
2, 43, 63118397
What are the prime factors of 96378494?
2, 48189247
What are the prime factors of 83152392?
2, 3, 3464683
What are the prime factors of 1869050389?
1869050389
List the prime factors of 24900242.
2, 59, 89, 2371
List the prime factors of 6371348.
2, 97, 16421
What are the prime factors of 47456321?
11, 392201
List the prime factors of 614689122.
2, 3, 23, 4454269
What are the prime factors of 333297854?
2, 166648927
List the prime factors of 77645230.
2, 5, 13, 597271
List the prime factors of 169227316.
2, 17, 179, 13903
What are the prime factors of 174632630?
2, 5, 61, 353, 811
What are the prime factors of 574394648?
2, 29, 2475839
What are the prime factors of 142847631?
3, 1763551
What are the prime factors of 429506216?
2, 109, 449, 1097
List the prime factors of 424256129.
11, 3506249
List the prime factors of 518500426.
2, 229, 857, 1321
List the prime factors of 4338131633.
11, 12589, 31327
What are the prime factors of 1425098827?
131, 10878617
What are the prime factors of 83553556?
2, 31, 67, 89, 113
List the prime factors of 1574767991.
277, 5685083
List the prime factors of 144641394.
2, 3, 317, 25349
What are the prime factors of 323756064?
2, 3, 31, 36263
What are the prime factors of 393601454?
2, 19, 10357933
What are the prime factors of 35256130?
2, 5, 7, 13, 17, 43, 53
List the prime factors of 3512860414.
2, 7, 250918601
List the prime factors of 6180265567.
7, 797, 1107773
What are the prime factors of 208596424?
2, 103, 149, 1699
List the prime factors of 3102737067.
3, 9967, 34589
List the prime factors of 615771057.
3, 11, 19, 37, 127
List the prime factors of 4310659078.
2, 11, 1277, 153437
List the prime factors of 26377319.
17, 107, 853
List the prime factors of 62598914.
2, 7, 1117, 4003
List the prime factors of 21074223.
3, 7024741
What are the prime factors of 87812945?
5, 11, 59, 27061
List the prime factors of 694816702.
2, 31, 11206721
What are the prime factors of 10041634?
2, 97, 191, 271
List the prime factors of 254444705.
5, 50888941
What are the prime factors of 66696112?
2, 7, 157, 3793
List the prime factors of 85118219.
29, 31, 73, 1297
What are the prime factors of 1332874007?
1332874007
List the prime factors of 50877106.
2, 7, 79, 157, 293
What are the prime factors of 226971160?
2, 5, 13, 436483
What are the prime factors of 867525442?
2, 7, 61966103
List the prime factors of 226617282.
2, 3, 12589849
List the prime factors of 1889284809.
3, 629761603
List the prime factors of 467201022.
2, 3, 73, 1066669
What are the prime factors of 1391466752?
2, 13, 418109
List the prime factors of 31410418.
2, 13, 431, 2803
What are the prime factors of 303606403?
3391, 89533
What are the prime factors of 6525596570?
2, 5, 23, 1171, 24229
List the prime factors of 1576631627.
1576631627
What are the prime factors of 144129095?
5, 11, 2620529
List the prime factors of 6483248651.
11, 589386241
What are the prime factors of 3851024128?
2, 7, 227, 9467
What are the prime factors of 111806773?
13, 17, 19, 26627
List the prime factors of 49904097.
3, 761, 21859
What are the prime factors of 442237190?
2, 5, 61, 317, 2287
List the prime factors of 68611783.
23, 167, 17863
List the prime factors of 1805208728.
2, 23, 617, 15901
List the prime factors of 380824883.
7873, 48371
List the prime factors of 4805748194.
2, 13, 184836469
What are the prime factors of 64512111?
3, 79, 272203
What are the prime factors of 3869849086?
2, 653, 2963131
What are the prime factors of 1124500435?
5, 224900087
List the prime factors of 7556063.
521, 14503
What are the prime factors of 363711713?
9239, 39367
List the prime factors of 823619937.
3, 7, 39219997
What are the prime factors of 68907723?
3, 2083, 11027
What are the prime factors of 1634083334?
2, 13, 19, 43, 1789
What are the prime factors of 1248758164?
2, 312189541
What are the prime factors of 6497724472?
2, 812215559
List the prime factors of 1187557666.
2, 23, 25816471
What are the prime factors of 242634819?
3, 7, 1650577
List the prime factors of 583749374.
2, 13, 239, 93941
List the prime factors of 99117485.
5, 19823497
What are the prime factors of 43073173?
11, 13, 301211
List the prime factors of 54930672.
2, 3, 17, 19, 1181
List the prime factors of 99122318.
2, 23, 307, 7019
List the prime factors of 437122684.
2, 29, 3768299
List the prime factors of 2076715794.
2, 3, 346119299
What are the prime factors of 30625820?
2, 5, 151, 10141
What are the prime factors of 35035474?
2, 73, 317, 757
List the prime factors of 155407817.
2311, 67247
What are the prime factors of 163914741?
3, 18212749
List the prime factors of 81208761.
3, 79, 342653
List the prime factors of 81898552.
2, 29, 353011
List the prime factors of 6054326066.
2, 2221, 1362973
List the prime factors of 2648956643.
17, 155820979
What are the prime factors of 31876758?
2, 3, 23, 37, 2081
What are the prime factors of 66570104?
2, 37, 239, 941
What are the prime factors of 188443606?
2, 13, 17, 31, 809
List the prime factors of 456948077.
17519, 26083
List the prime factors of 37318952.
2, 11, 424079
What are the prime factors of 88933277?
499, 178223
List the prime factors of 464569415.
5, 29, 3203927
What are the prime factors of 42168173?
42168173
What are the prime factors of 1399521673?
11, 10343, 12301
List the prime factors of 878295082.
2, 7, 62735363
List the prime factors of 3260747903.
7, 263, 1771183
What are the prime factors of 626125508?
2, 239, 654943
What are the prime factors of 659752843?
1021, 646183
List the prime factors of 497576370.
2, 3, 5, 19, 37, 23593
What are the prime factors of 90500085?
3, 5, 13, 17189
List the prime factors of 43067926.
2, 11, 37, 157, 337
What are the prime factors of 71820617?
11, 29, 225143
List the prime factors of 86548404.
2, 3, 31, 197, 1181
What are the prime factors of 204281957?
11, 3061, 6067
List the prime factors of 912898241.
571, 877, 1823
What are the prime factors of 176930042?
2, 89, 139, 7151
List the prime factors of 4700784.
2, 3, 11, 29, 307
What are the prime factors of 324409507?
41, 521, 15187
List the prime factors of 287299458.
2, 3, 79, 281, 719
What are the prime factors of 457375047?
3, 43, 307, 11549
What are the prime factors of 233046862?
2, 3167, 36793
List the prime factors of 5992685.
5, 1198537
List the prime factors of 45542864.
2, 17, 167437
What are the prime factors of 247591417?
17, 839, 17359
What are the prime factors of 80287277?
7, 17, 674683
What are the prime factors of 11246430?
2, 3, 5, 13, 28837
What are the prime factors of 458841062?
2, 73, 3142747
List the prime factors of 1998341895.
3, 5, 11, 12111163
List the prime factors of 327357904.
2, 1249, 16381
What are the prime factors of 92279529?
3, 31, 113, 2927
What are the prime factors of 863286062?
2, 431643031
List the prime factors of 146927690.
2, 5,